{"id":155,"date":"2024-11-25T07:12:26","date_gmt":"2024-11-25T10:12:26","guid":{"rendered":"https:\/\/vamosaprenderatocartaiko.com.br\/?page_id=155"},"modified":"2025-04-10T06:22:22","modified_gmt":"2025-04-10T09:22:22","slug":"localizacao","status":"publish","type":"page","link":"https:\/\/vamosaprenderatocartaiko.com.br\/?page_id=155","title":{"rendered":"Localiza\u00e7\u00e3o"},"content":{"rendered":"\t\t<div data-elementor-type=\"wp-page\" data-elementor-id=\"155\" class=\"elementor elementor-155\">\n\t\t\t\t<div class=\"elementor-element elementor-element-cfb5478 e-flex e-con-boxed e-con e-parent\" data-id=\"cfb5478\" data-element_type=\"container\" data-e-type=\"container\" data-settings=\"{&quot;background_background&quot;:&quot;classic&quot;}\">\n\t\t\t\t\t<div class=\"e-con-inner\">\n\t\t\t\t<div class=\"elementor-element elementor-element-a47cd83 elementor-widget elementor-widget-heading\" data-id=\"a47cd83\" data-element_type=\"widget\" data-e-type=\"widget\" data-widget_type=\"heading.default\">\n\t\t\t\t<div class=\"elementor-widget-container\">\n\t\t\t\t\t<h2 class=\"elementor-heading-title elementor-size-default\">Localiza\u00e7\u00e3o<\/h2>\t\t\t\t<\/div>\n\t\t\t\t<\/div>\n\t\t\t\t\t<\/div>\n\t\t\t\t<\/div>\n\t\t<div class=\"elementor-element elementor-element-d9b5747 animated-slow e-flex e-con-boxed elementor-invisible e-con e-parent\" data-id=\"d9b5747\" data-element_type=\"container\" data-e-type=\"container\" data-settings=\"{&quot;animation&quot;:&quot;fadeInUp&quot;}\">\n\t\t\t\t\t<div class=\"e-con-inner\">\n\t\t\t\t<div class=\"elementor-element elementor-element-6965adc elementor-widget elementor-widget-text-editor\" data-id=\"6965adc\" data-element_type=\"widget\" data-e-type=\"widget\" data-widget_type=\"text-editor.default\">\n\t\t\t\t<div class=\"elementor-widget-container\">\n\t\t\t\t\t\t\t\t\t<p>Os cursos s\u00e3o ministrados no Nikkai Mogi-Centro (Associa\u00e7\u00e3o Centro Cultural Esportiva de Mogi das Cruzes):<\/p><p><span style=\"text-align: var(--text-align); background-color: var( --e-global-color-5bd60dc );\">Rua Presidente Campos Salles, 230, Vila Industrial, Mogi das Cruzes\/SP<\/span><\/p><p><span style=\"text-align: var(--text-align); background-color: var( --e-global-color-5bd60dc );\">Telefone\/Whatsapp: (11) 4791-2022<\/span><\/p><p><span style=\"text-align: var(--text-align); background-color: var( --e-global-color-5bd60dc );\">Confira os hor\u00e1rios com a administra\u00e7\u00e3o<\/span><\/p>\t\t\t\t\t\t\t\t<\/div>\n\t\t\t\t<\/div>\n\t\t\t\t\t<\/div>\n\t\t\t\t<\/div>\n\t\t<div class=\"elementor-element elementor-element-bbd0015 e-con-full animated-slow e-flex elementor-invisible e-con e-parent\" data-id=\"bbd0015\" data-element_type=\"container\" data-e-type=\"container\" data-settings=\"{&quot;animation&quot;:&quot;fadeInUp&quot;}\">\n\t\t\t\t<div class=\"elementor-element elementor-element-09eb5e8 elementor-widget elementor-widget-button\" data-id=\"09eb5e8\" data-element_type=\"widget\" data-e-type=\"widget\" data-widget_type=\"button.default\">\n\t\t\t\t<div class=\"elementor-widget-container\">\n\t\t\t\t\t\t\t\t\t<div class=\"elementor-button-wrapper\">\n\t\t\t\t\t<a class=\"elementor-button elementor-button-link elementor-size-sm\" href=\"https:\/\/wa.me\/551147912022\">\n\t\t\t\t\t\t<span class=\"elementor-button-content-wrapper\">\n\t\t\t\t\t\t<span class=\"elementor-button-icon\">\n\t\t\t\t<svg aria-hidden=\"true\" class=\"e-font-icon-svg e-fab-whatsapp\" viewBox=\"0 0 448 512\" xmlns=\"http:\/\/www.w3.org\/2000\/svg\"><path d=\"M380.9 97.1C339 55.1 283.2 32 223.9 32c-122.4 0-222 99.6-222 222 0 39.1 10.2 77.3 29.6 111L0 480l117.7-30.9c32.4 17.7 68.9 27 106.1 27h.1c122.3 0 224.1-99.6 224.1-222 0-59.3-25.2-115-67.1-157zm-157 341.6c-33.2 0-65.7-8.9-94-25.7l-6.7-4-69.8 18.3L72 359.2l-4.4-7c-18.5-29.4-28.2-63.3-28.2-98.2 0-101.7 82.8-184.5 184.6-184.5 49.3 0 95.6 19.2 130.4 54.1 34.8 34.9 56.2 81.2 56.1 130.5 0 101.8-84.9 184.6-186.6 184.6zm101.2-138.2c-5.5-2.8-32.8-16.2-37.9-18-5.1-1.9-8.8-2.8-12.5 2.8-3.7 5.6-14.3 18-17.6 21.8-3.2 3.7-6.5 4.2-12 1.4-32.6-16.3-54-29.1-75.5-66-5.7-9.8 5.7-9.1 16.3-30.3 1.8-3.7.9-6.9-.5-9.7-1.4-2.8-12.5-30.1-17.1-41.2-4.5-10.8-9.1-9.3-12.5-9.5-3.2-.2-6.9-.2-10.6-.2-3.7 0-9.7 1.4-14.8 6.9-5.1 5.6-19.4 19-19.4 46.3 0 27.3 19.9 53.7 22.6 57.4 2.8 3.7 39.1 59.7 94.8 83.8 35.2 15.2 49 16.5 66.6 13.9 10.7-1.6 32.8-13.4 37.4-26.4 4.6-13 4.6-24.1 3.2-26.4-1.3-2.5-5-3.9-10.5-6.6z\"><\/path><\/svg>\t\t\t<\/span>\n\t\t\t\t\t\t\t\t\t<span class=\"elementor-button-text\">fale conosco pelo whatsapp<\/span>\n\t\t\t\t\t<\/span>\n\t\t\t\t\t<\/a>\n\t\t\t\t<\/div>\n\t\t\t\t\t\t\t\t<\/div>\n\t\t\t\t<\/div>\n\t\t\t\t<\/div>\n\t\t<div class=\"elementor-element elementor-element-17aef15 e-flex e-con-boxed e-con e-parent\" data-id=\"17aef15\" data-element_type=\"container\" data-e-type=\"container\">\n\t\t\t\t\t<div class=\"e-con-inner\">\n\t\t\t\t<div class=\"elementor-element elementor-element-1e88bdb animated-slow elementor-invisible elementor-widget elementor-widget-google_maps\" data-id=\"1e88bdb\" data-element_type=\"widget\" data-e-type=\"widget\" data-settings=\"{&quot;_animation&quot;:&quot;fadeInUp&quot;}\" data-widget_type=\"google_maps.default\">\n\t\t\t\t<div class=\"elementor-widget-container\">\n\t\t\t\t\t\t\t<div class=\"elementor-custom-embed\">\n\t\t\t<iframe loading=\"lazy\"\n\t\t\t\t\tsrc=\"https:\/\/maps.google.com\/maps?q=nikkai&#038;t=m&#038;z=15&#038;output=embed&#038;iwloc=near\"\n\t\t\t\t\ttitle=\"nikkai\"\n\t\t\t\t\taria-label=\"nikkai\"\n\t\t\t><\/iframe>\n\t\t<\/div>\n\t\t\t\t\t\t<\/div>\n\t\t\t\t<\/div>\n\t\t\t\t\t<\/div>\n\t\t\t\t<\/div>\n\t\t<div class=\"elementor-element elementor-element-3b038fe animated-slow e-flex e-con-boxed elementor-invisible e-con e-parent\" data-id=\"3b038fe\" data-element_type=\"container\" data-e-type=\"container\" data-settings=\"{&quot;animation&quot;:&quot;fadeInUp&quot;}\">\n\t\t\t\t\t<div class=\"e-con-inner\">\n\t\t\t\t<div class=\"elementor-element elementor-element-058b9df elementor-widget elementor-widget-shortcode\" data-id=\"058b9df\" data-element_type=\"widget\" data-e-type=\"widget\" data-widget_type=\"shortcode.default\">\n\t\t\t\t<div class=\"elementor-widget-container\">\n\t\t\t\t\t\t\t<div class=\"elementor-shortcode\">\t\t<div data-elementor-type=\"wp-post\" data-elementor-id=\"24\" class=\"elementor elementor-24\">\n\t\t\t\t\t\t<section class=\"elementor-section elementor-top-section elementor-element elementor-element-c865e11 elementor-section-content-middle elementor-section-boxed elementor-section-height-default elementor-section-height-default\" data-id=\"c865e11\" data-element_type=\"section\" data-e-type=\"section\">\n\t\t\t\t\t\t<div class=\"elementor-container elementor-column-gap-default\">\n\t\t\t\t\t<div class=\"elementor-column elementor-col-100 elementor-top-column elementor-element elementor-element-d9ad6d0\" data-id=\"d9ad6d0\" data-element_type=\"column\" data-e-type=\"column\">\n\t\t\t<div class=\"elementor-widget-wrap elementor-element-populated\">\n\t\t\t\t\t\t<div class=\"elementor-element elementor-element-c2b057a elementor-widget-divider--view-line_text elementor-widget-divider--element-align-center elementor-widget elementor-widget-divider\" data-id=\"c2b057a\" data-element_type=\"widget\" data-e-type=\"widget\" data-widget_type=\"divider.default\">\n\t\t\t\t<div class=\"elementor-widget-container\">\n\t\t\t\t\t\t\t<div class=\"elementor-divider\">\n\t\t\t<span class=\"elementor-divider-separator\">\n\t\t\t\t\t\t\t<span class=\"elementor-divider__text elementor-divider__element\">\n\t\t\t\tFINANCIAMENTO\t\t\t\t<\/span>\n\t\t\t\t\t\t<\/span>\n\t\t<\/div>\n\t\t\t\t\t\t<\/div>\n\t\t\t\t<\/div>\n\t\t\t\t<div class=\"elementor-element elementor-element-3c326c4 elementor-widget elementor-widget-image\" data-id=\"3c326c4\" data-element_type=\"widget\" data-e-type=\"widget\" data-widget_type=\"image.default\">\n\t\t\t\t<div class=\"elementor-widget-container\">\n\t\t\t\t\t\t\t\t\t\t\t\t\t\t\t<img fetchpriority=\"high\" decoding=\"async\" width=\"525\" height=\"120\" src=\"https:\/\/vamosaprenderatocartaiko.com.br\/wp-content\/uploads\/2024\/10\/lic_regua_sem_logo_WEBP.webp\" class=\"attachment-medium_large size-medium_large wp-image-34\" alt=\"\" srcset=\"https:\/\/vamosaprenderatocartaiko.com.br\/wp-content\/uploads\/2024\/10\/lic_regua_sem_logo_WEBP.webp 525w, https:\/\/vamosaprenderatocartaiko.com.br\/wp-content\/uploads\/2024\/10\/lic_regua_sem_logo_WEBP-300x69.webp 300w\" sizes=\"(max-width: 525px) 100vw, 525px\" \/>\t\t\t\t\t\t\t\t\t\t\t\t\t\t\t<\/div>\n\t\t\t\t<\/div>\n\t\t\t\t<div class=\"elementor-element elementor-element-a21728b elementor-widget elementor-widget-heading\" data-id=\"a21728b\" data-element_type=\"widget\" data-e-type=\"widget\" data-widget_type=\"heading.default\">\n\t\t\t\t<div class=\"elementor-widget-container\">\n\t\t\t\t\t<h1 class=\"elementor-heading-title elementor-size-default\">Projeto financiado pela Prefeitura Municipal de Mogi das Cruzes por meio da Lei n\u00ba 6.959\/14 (Lei de Incentivo \u00e0 Cultura). Projeto Aprovado n\u00ba 884.<\/h1>\t\t\t\t<\/div>\n\t\t\t\t<\/div>\n\t\t\t\t<div class=\"elementor-element elementor-element-f985aac elementor-widget-divider--view-line_text elementor-widget-divider--element-align-center elementor-widget elementor-widget-divider\" data-id=\"f985aac\" data-element_type=\"widget\" data-e-type=\"widget\" data-widget_type=\"divider.default\">\n\t\t\t\t<div class=\"elementor-widget-container\">\n\t\t\t\t\t\t\t<div class=\"elementor-divider\">\n\t\t\t<span class=\"elementor-divider-separator\">\n\t\t\t\t\t\t\t<span class=\"elementor-divider__text elementor-divider__element\">\n\t\t\t\tEMPREAS QUE APOIAM A LIC\t\t\t\t<\/span>\n\t\t\t\t\t\t<\/span>\n\t\t<\/div>\n\t\t\t\t\t\t<\/div>\n\t\t\t\t<\/div>\n\t\t\t\t<div class=\"elementor-element elementor-element-92a1379 gallery-spacing-custom elementor-widget elementor-widget-image-gallery\" data-id=\"92a1379\" data-element_type=\"widget\" data-e-type=\"widget\" data-widget_type=\"image-gallery.default\">\n\t\t\t\t<div class=\"elementor-widget-container\">\n\t\t\t\t\t\t\t<div class=\"elementor-image-gallery\">\n\t\t\t<div id='gallery-1' class='gallery galleryid-63 gallery-columns-5 gallery-size-medium'><figure class='gallery-item'>\n\t\t\t<div class='gallery-icon landscape'>\n\t\t\t\t<img decoding=\"async\" width=\"300\" height=\"150\" src=\"https:\/\/vamosaprenderatocartaiko.com.br\/wp-content\/uploads\/2026\/03\/banner_rud-300x150.webp\" class=\"attachment-medium size-medium\" alt=\"\" srcset=\"https:\/\/vamosaprenderatocartaiko.com.br\/wp-content\/uploads\/2026\/03\/banner_rud-300x150.webp 300w, https:\/\/vamosaprenderatocartaiko.com.br\/wp-content\/uploads\/2026\/03\/banner_rud.webp 600w\" sizes=\"(max-width: 300px) 100vw, 300px\" \/>\n\t\t\t<\/div><\/figure><figure class='gallery-item'>\n\t\t\t<div class='gallery-icon landscape'>\n\t\t\t\t<img decoding=\"async\" width=\"300\" height=\"150\" src=\"https:\/\/vamosaprenderatocartaiko.com.br\/wp-content\/uploads\/2026\/03\/banner_tinaga-300x150.webp\" class=\"attachment-medium size-medium\" alt=\"\" srcset=\"https:\/\/vamosaprenderatocartaiko.com.br\/wp-content\/uploads\/2026\/03\/banner_tinaga-300x150.webp 300w, https:\/\/vamosaprenderatocartaiko.com.br\/wp-content\/uploads\/2026\/03\/banner_tinaga.webp 600w\" sizes=\"(max-width: 300px) 100vw, 300px\" \/>\n\t\t\t<\/div><\/figure><figure class='gallery-item'>\n\t\t\t<div class='gallery-icon landscape'>\n\t\t\t\t<img loading=\"lazy\" decoding=\"async\" width=\"300\" height=\"150\" src=\"https:\/\/vamosaprenderatocartaiko.com.br\/wp-content\/uploads\/2026\/03\/banner_assibraff-300x150.webp\" class=\"attachment-medium size-medium\" alt=\"\" srcset=\"https:\/\/vamosaprenderatocartaiko.com.br\/wp-content\/uploads\/2026\/03\/banner_assibraff-300x150.webp 300w, https:\/\/vamosaprenderatocartaiko.com.br\/wp-content\/uploads\/2026\/03\/banner_assibraff.webp 600w\" sizes=\"(max-width: 300px) 100vw, 300px\" \/>\n\t\t\t<\/div><\/figure><figure class='gallery-item'>\n\t\t\t<div class='gallery-icon landscape'>\n\t\t\t\t<img loading=\"lazy\" decoding=\"async\" width=\"300\" height=\"150\" src=\"https:\/\/vamosaprenderatocartaiko.com.br\/wp-content\/uploads\/2026\/03\/banner_parqeu_oliveiras-300x150.webp\" class=\"attachment-medium size-medium\" alt=\"\" srcset=\"https:\/\/vamosaprenderatocartaiko.com.br\/wp-content\/uploads\/2026\/03\/banner_parqeu_oliveiras-300x150.webp 300w, https:\/\/vamosaprenderatocartaiko.com.br\/wp-content\/uploads\/2026\/03\/banner_parqeu_oliveiras.webp 600w\" sizes=\"(max-width: 300px) 100vw, 300px\" \/>\n\t\t\t<\/div><\/figure><figure class='gallery-item'>\n\t\t\t<div class='gallery-icon landscape'>\n\t\t\t\t<img loading=\"lazy\" decoding=\"async\" width=\"300\" height=\"150\" src=\"https:\/\/vamosaprenderatocartaiko.com.br\/wp-content\/uploads\/2026\/03\/banner_cpmc-300x150.webp\" class=\"attachment-medium size-medium\" alt=\"\" srcset=\"https:\/\/vamosaprenderatocartaiko.com.br\/wp-content\/uploads\/2026\/03\/banner_cpmc-300x150.webp 300w, https:\/\/vamosaprenderatocartaiko.com.br\/wp-content\/uploads\/2026\/03\/banner_cpmc.webp 600w\" sizes=\"(max-width: 300px) 100vw, 300px\" \/>\n\t\t\t<\/div><\/figure><figure class='gallery-item'>\n\t\t\t<div class='gallery-icon landscape'>\n\t\t\t\t<img loading=\"lazy\" decoding=\"async\" width=\"300\" height=\"150\" src=\"https:\/\/vamosaprenderatocartaiko.com.br\/wp-content\/uploads\/2026\/03\/banner_priorivita-300x150.webp\" class=\"attachment-medium size-medium\" alt=\"\" srcset=\"https:\/\/vamosaprenderatocartaiko.com.br\/wp-content\/uploads\/2026\/03\/banner_priorivita-300x150.webp 300w, https:\/\/vamosaprenderatocartaiko.com.br\/wp-content\/uploads\/2026\/03\/banner_priorivita.webp 600w\" sizes=\"(max-width: 300px) 100vw, 300px\" \/>\n\t\t\t<\/div><\/figure><figure class='gallery-item'>\n\t\t\t<div class='gallery-icon landscape'>\n\t\t\t\t<img loading=\"lazy\" decoding=\"async\" width=\"300\" height=\"150\" src=\"https:\/\/vamosaprenderatocartaiko.com.br\/wp-content\/uploads\/2026\/03\/banner_anhembi-300x150.webp\" class=\"attachment-medium size-medium\" alt=\"\" srcset=\"https:\/\/vamosaprenderatocartaiko.com.br\/wp-content\/uploads\/2026\/03\/banner_anhembi-300x150.webp 300w, https:\/\/vamosaprenderatocartaiko.com.br\/wp-content\/uploads\/2026\/03\/banner_anhembi.webp 600w\" sizes=\"(max-width: 300px) 100vw, 300px\" \/>\n\t\t\t<\/div><\/figure><figure class='gallery-item'>\n\t\t\t<div class='gallery-icon landscape'>\n\t\t\t\t<img loading=\"lazy\" decoding=\"async\" width=\"300\" height=\"150\" src=\"https:\/\/vamosaprenderatocartaiko.com.br\/wp-content\/uploads\/2026\/03\/banner_brazcubas-300x150.webp\" class=\"attachment-medium size-medium\" alt=\"\" srcset=\"https:\/\/vamosaprenderatocartaiko.com.br\/wp-content\/uploads\/2026\/03\/banner_brazcubas-300x150.webp 300w, https:\/\/vamosaprenderatocartaiko.com.br\/wp-content\/uploads\/2026\/03\/banner_brazcubas.webp 600w\" sizes=\"(max-width: 300px) 100vw, 300px\" \/>\n\t\t\t<\/div><\/figure><figure class='gallery-item'>\n\t\t\t<div class='gallery-icon landscape'>\n\t\t\t\t<img loading=\"lazy\" decoding=\"async\" width=\"300\" height=\"150\" src=\"https:\/\/vamosaprenderatocartaiko.com.br\/wp-content\/uploads\/2026\/03\/banner_fontagua-300x150.webp\" class=\"attachment-medium size-medium\" alt=\"\" srcset=\"https:\/\/vamosaprenderatocartaiko.com.br\/wp-content\/uploads\/2026\/03\/banner_fontagua-300x150.webp 300w, https:\/\/vamosaprenderatocartaiko.com.br\/wp-content\/uploads\/2026\/03\/banner_fontagua.webp 600w\" sizes=\"(max-width: 300px) 100vw, 300px\" \/>\n\t\t\t<\/div><\/figure><figure class='gallery-item'>\n\t\t\t<div class='gallery-icon landscape'>\n\t\t\t\t<img loading=\"lazy\" decoding=\"async\" width=\"300\" height=\"150\" src=\"https:\/\/vamosaprenderatocartaiko.com.br\/wp-content\/uploads\/2026\/03\/banner_rinnai-300x150.webp\" class=\"attachment-medium size-medium\" alt=\"\" srcset=\"https:\/\/vamosaprenderatocartaiko.com.br\/wp-content\/uploads\/2026\/03\/banner_rinnai-300x150.webp 300w, https:\/\/vamosaprenderatocartaiko.com.br\/wp-content\/uploads\/2026\/03\/banner_rinnai.webp 600w\" sizes=\"(max-width: 300px) 100vw, 300px\" \/>\n\t\t\t<\/div><\/figure><figure class='gallery-item'>\n\t\t\t<div class='gallery-icon landscape'>\n\t\t\t\t<img loading=\"lazy\" decoding=\"async\" width=\"300\" height=\"150\" src=\"https:\/\/vamosaprenderatocartaiko.com.br\/wp-content\/uploads\/2026\/03\/banner_simivale-300x150.webp\" class=\"attachment-medium size-medium\" alt=\"\" srcset=\"https:\/\/vamosaprenderatocartaiko.com.br\/wp-content\/uploads\/2026\/03\/banner_simivale-300x150.webp 300w, https:\/\/vamosaprenderatocartaiko.com.br\/wp-content\/uploads\/2026\/03\/banner_simivale.webp 600w\" sizes=\"(max-width: 300px) 100vw, 300px\" \/>\n\t\t\t<\/div><\/figure><figure class='gallery-item'>\n\t\t\t<div class='gallery-icon landscape'>\n\t\t\t\t<img loading=\"lazy\" decoding=\"async\" width=\"300\" height=\"150\" src=\"https:\/\/vamosaprenderatocartaiko.com.br\/wp-content\/uploads\/2026\/03\/banner_sancet-300x150.webp\" class=\"attachment-medium size-medium\" alt=\"\" srcset=\"https:\/\/vamosaprenderatocartaiko.com.br\/wp-content\/uploads\/2026\/03\/banner_sancet-300x150.webp 300w, https:\/\/vamosaprenderatocartaiko.com.br\/wp-content\/uploads\/2026\/03\/banner_sancet.webp 600w\" sizes=\"(max-width: 300px) 100vw, 300px\" \/>\n\t\t\t<\/div><\/figure>\n\t\t<\/div>\n\t\t<\/div>\n\t\t\t\t\t\t<\/div>\n\t\t\t\t<\/div>\n\t\t\t\t\t<\/div>\n\t\t<\/div>\n\t\t\t\t\t<\/div>\n\t\t<\/section>\n\t\t\t\t<\/div>\n\t\t<\/div>\n\t\t\t\t\t\t<\/div>\n\t\t\t\t<\/div>\n\t\t\t\t\t<\/div>\n\t\t\t\t<\/div>\n\t\t\t\t<\/div>\n\t\t","protected":false},"excerpt":{"rendered":"<p>Localiza\u00e7\u00e3o Os cursos s\u00e3o ministrados no Nikkai Mogi-Centro (Associa\u00e7\u00e3o Centro Cultural Esportiva de Mogi das Cruzes): Rua Presidente Campos Salles, 230, Vila Industrial, Mogi das Cruzes\/SP Telefone\/Whatsapp: (11) 4791-2022 Confira os hor\u00e1rios com a administra\u00e7\u00e3o fale conosco pelo whatsapp<\/p>\n","protected":false},"author":1,"featured_media":0,"parent":0,"menu_order":0,"comment_status":"closed","ping_status":"closed","template":"","meta":{"footnotes":""},"class_list":["post-155","page","type-page","status-publish","hentry"],"_links":{"self":[{"href":"https:\/\/vamosaprenderatocartaiko.com.br\/index.php?rest_route=\/wp\/v2\/pages\/155","targetHints":{"allow":["GET"]}}],"collection":[{"href":"https:\/\/vamosaprenderatocartaiko.com.br\/index.php?rest_route=\/wp\/v2\/pages"}],"about":[{"href":"https:\/\/vamosaprenderatocartaiko.com.br\/index.php?rest_route=\/wp\/v2\/types\/page"}],"author":[{"embeddable":true,"href":"https:\/\/vamosaprenderatocartaiko.com.br\/index.php?rest_route=\/wp\/v2\/users\/1"}],"replies":[{"embeddable":true,"href":"https:\/\/vamosaprenderatocartaiko.com.br\/index.php?rest_route=%2Fwp%2Fv2%2Fcomments&post=155"}],"version-history":[{"count":10,"href":"https:\/\/vamosaprenderatocartaiko.com.br\/index.php?rest_route=\/wp\/v2\/pages\/155\/revisions"}],"predecessor-version":[{"id":272,"href":"https:\/\/vamosaprenderatocartaiko.com.br\/index.php?rest_route=\/wp\/v2\/pages\/155\/revisions\/272"}],"wp:attachment":[{"href":"https:\/\/vamosaprenderatocartaiko.com.br\/index.php?rest_route=%2Fwp%2Fv2%2Fmedia&parent=155"}],"curies":[{"name":"wp","href":"https:\/\/api.w.org\/{rel}","templated":true}]}}